25385
In base 16, what is f - 29e809?
-29e7fa
In base 9, what is 4874 + -6861?
-1876
In base 4, what is 100 + 2121020112?
2121020212
In base 4, what is -1020301320203 + 21?
-1020301320122
In base 15, what is 4a6e0 + 7a9?
4ae99
In base 12, what is 1174 + 711?
1885
In base 8, what is 5 - 736766332?
-736766325
In base 4, what is 10022330331 + 11311?
10023002302
In base 4, what is 10312132223 + 10?
10312132233
In base 15, what is 3bc8e3 - -7?
3bc8ea
In base 4, what is -3 - 102321233130303?
-102321233130312
In base 2, what is 0 + -11010010100111101111110?
-11010010100111101111110
In base 2, what is -100100011 - -1000011000010111?
1000010011110100
In base 16, what is -9e5 - 115d?
-1b42
In base 3, what is 2221201 - 1012100?
1202101
In base 16, what is -5 + 163ebfe?
163ebf9
In base 4, what is 1233113 + -1322112?
-22333
In base 4, what is -2 + 10131101330130?
10131101330122
In base 16, what is 1 + -24db872?
-24db871
In base 8, what is -350 + 4070?
3520
In base 14, what is -92 - -a687?
a5d5
In base 13, what is -25 + 77746?
77721
In base 9, what is -1278 + 2786?
1507
In base 2, what is 110110001001111100001100 + 101?
110110001001111100010001
In base 8, what is 151001255 + -1?
151001254
In base 13, what is 17b40163 + -4?
17b4015c
In base 5, what is 344201414 + 104?
344202023
In base 9, what is 265138572 + 4?
265138576
In base 7, what is 30310310 + 0?
30310310
In base 11, what is 4 - -176044a?
1760453
In base 5, what is -10 - 1434233120?
-1434233130
In base 7, what is 26326650 - -14?
26326664
In base 15, what is 44797 + -159e?
431e8
In base 4, what is 212331 - 1202300?
-323303
In base 14, what is -49b - -91cb?
8b30
In base 8, what is 0 - 11733452?
-11733452
In base 15, what is -9ce2 + -bdc?
-a9ce
In base 7, what is 26224244 - 10?
26224234
In base 12, what is -1 + -1a04869a?
-1a04869b
In base 8, what is 1665360 + 30?
1665410
In base 9, what is 0 - 11147821?
-11147821
In base 9, what is -166 + 250757?
250581
In base 5, what is -401 - 100223144?
-100224100
In base 11, what is 25 + 2500526?
2500550
In base 8, what is -1 - -26141273?
26141272
In base 10, what is 10 - 26574?
-26564
In base 11, what is 1 + -1142aa9?
-1142aa8
In base 3, what is 20011010210 + -11212?
20010221221
In base 2, what is -1011001 - -1111110111101010?
1111110110010001
In base 13, what is 159 + 12274?
12400
In base 4, what is 22101112 + -111133?
21323313
In base 10, what is -5 - -6333573?
6333568
In base 6, what is -10552254 + -2022?
-10554320
In base 11, what is 166313 + 4aa?
166812
In base 7, what is 51 - 642260?
-642206
In base 9, what is -58734 - 842?
-60676
In base 4, what is -1023 - -302123021?
302121332
In base 11, what is 13a2310 + 153?
13a2463
In base 3, what is -100102 - -1001202212101?
1001202111222
In base 16, what is -601a10 + -7?
-601a17
In base 13, what is 45 + -22b673?
-22b62b
In base 12, what is -158831b + -10?
-158832b
In base 2, what is -101100001111110100100 - 10010?
-101100001111110110110
In base 9, what is 552876 + -77?
552788
In base 3, what is 122212 - 12101110220?
-12100211001
In base 2, what is -1111000111 - -1010110001000111?
1010100010000000
In base 13, what is 3642c9 + -8?
3642c1
In base 5, what is 124020441 + -2?
124020434
In base 16, what is ce7793 - -1?
ce7794
In base 14, what is -56303b - 1?
-56303c
In base 16, what is 19180 + 6f2?
19872
In base 13, what is -236 - 255a2?
-25808
In base 7, what is 502126362 + -1?
502126361
In base 11, what is -70314a + 50?
-7030aa
In base 5, what is 13 - -2042430041?
2042430104
In base 6, what is 33043104 + -4?
33043100
In base 8, what is -40010 - -1472?
-36316
In base 10, what is 49488069 - -1?
49488070
In base 12, what is -522a32 + -4?
-522a36
In base 8, what is -22432124 + -4?
-22432130
In base 6, what is 4 - 21510353?
-21510345
In base 3, what is 1210000 + 2220212?
11200212
In base 12, what is 173853 - -298?
173b2b
In base 9, what is 14 - 5002658?
-5002644
In base 13, what is -1 - 9aa271?
-9aa272
In base 3, what is 2 - 112012221210100?
-112012221210021
In base 11, what is 63886 + -82?
63804
In base 13, what is 1 + c56cc?
c5700
In base 7, what is 1362200326 - 10?
1362200316
In base 16, what is -1846070 - -4?
-184606c
In base 7, what is 2 + -13010443?
-13010441
In base 7, what is 20416 - -11020?
31436
In base 4, what is 2100211 + -10302?
2023303
In base 16, what is -7 - -24628?
24621
In base 7, what is 21142513 + 2213?
21145026
In base 3, what is 2222111 + 11121111?
21120222
In base 9, what is 510274 - -30?
510314
In base 9, what is -6555586 + -227?
-6555824
In base 14, what is -5 - -266511?
26650a
In base 12, what is -2784104 - 2?
-2784106
In base 10, what is -31548504 - -1?
-31548503
In base 5, what is 20 - 2431341332?
-2431341312
In base 8, what is 240401 - -70?
240471
In base 12, what is -22 + 91684b7?
9168495
In base 5, what is -11332122102 + 4?
-11332122043
In base 7, what is 16235422314 + 2?
16235422316
In base 7, what is 5 + 4105535431?
4105535436
In base 6, what is 21132415 - 3334?
21125041
In base 7, what is 33666 + -462156?
-425160
In base 5, what is 2 - -1000131121?
1000131123
In base 14, what is -69a2151 - -2?
-69a214d
In base 4, what is -1 + -112011203311?
-112011203312
In base 10, what is 263094 - 15?
263079
In base 10, what is 967 + 9041?
10008
In base 15, what is -1c1eb + -4e?
-1c24a
In base 11, what is 30335 + -902?
2a533
In base 16, what is -34a71 + a?
-34a67
In base 6, what is 10 + -1244130430?
-1244130420
In base 8, what is -5 - 426117307?
-426117314
In base 5, what is 144431344 + 43003?
200024402
In base 10, what is -722788 + -44?
-722832
In base 7, what is -1220 + 1110055?
1105535
In base 16, what is -c43ae + 2?
-c43ac
In base 4, what is -20 - 1000320201321?
-1000320202001
In base 7, what is -2 - 14052143165?
-14052143200
In base 9, what is -206 + 5301?
5084
In base 6, what is 254 + 11225?
11523
In base 12, what is 722b9 + -1706?
707b3
In base 9, what is 11331263 + -12?
11331251
In base 13, what is -98a - 770?
-142a
In base 7, what is -342141 + -5540?
-351011
In base 4, what is -20312112230 + -2?
-20312112232
In base 11, what is -1820 - 14098?
-15908
In base 2, what is -10000100100001110100101 - 0?
-10000100100001110100101
In base 15, what is 743d + -7e8?
6b45
In base 11, what is -1395 - -787?
-709
In base 16, what is 612819 + -3?
612816
In base 10, what is -412572 - 2290?
-414862
In base 8, what is 31623454 - -1?
31623455
In base 14, what is -25161 + 0?
-25161
In base 10, what is 1190165 + 6?
1190171
In base 16, what is 9b609 - 43?
9b5c6
In base 9, what is 2537 - 3652?
-1114
In base 10, what is -6 + -300616?
-300622
In base 11, what is 2814497 + 5?
28144a1
In base 10, what is 5 + 2027074?
2027079
In base 9, what is 5627 + 6471?
13208
In base 14, what is -114c0b - c33?
-115a40
In base 5, what is 4010 + -12332?
-3322
In base 9, what is 685 - 2120033?
-2118237
In base 16, what is -3 - -2d2598b?
2d25988
In base 12, what is -11459a59 + 5?
-11459a54
In base 13, what is -57675 + -ac?
-57754
In base 8, what is 375515 + 17?
375534
In base 9, what is -4706474 + 5?
-4706468
In base 16, what is 21b224 - -76?
21b29a
In base 3, what is -111021120002 - 112201?
-111022002210
In base 9, what is 31556 - -5048?
36615
In base 9, what is -86676023 - 0?
-86676023
In base 7, what is 13503634 - -5?
13503642
In base 16, what is -7 - b0bce?
-b0bd5
In base 13, what is -121 + 11290?
1116c
In base 15, what is 178c + 475?
1c12
In base 13, what is -2 + 19374b?
193749
In base 4, what is -2 - -321123313012?
321123313010
In base 12, what is b - -897642b?
897643a
In base 12, what is -12384 - -3686?
-a8ba
In base 2, what is 10001101101 + 111000?
10010100101
In base 8, what is 135 + -100476?
-100341
In base 6, what is -210243543 + 5?
-210243534
In base 14, what is -8 + -199323?
-19932b
In base 9, what is -6026815 + 4?
-6026811
In base 11, what is -295aa57a + -5?
-295aa584
In base 10, what is 805 + 90693?
91498
In base 7, what is 42 - -416565?
416640
In base 4, what is -21100012300231 - -23?
-21100012300202
In base 3, what is 1122012002212 - -202020?
1122012212002
In base 15, what is -3a51a38 - -10?
-3a51a28
In base 8, what is 136003562 + -11?
136003551
In base 11, what is -4099 + 137?
-3a62
In base 3, what is -12 + 2202201122200212?
2202201122200200
In base 12, what is -19 + -363247b?
-3632498
In base 7, what is -1040 + 1322220?
13